at is the remainder when 742 is divided by k?
29
Let d = 39948 - 39889. What is the remainder when 1042 is divided by d?
39
Let j(w) = -48*w + 9. Let f be j(-5). Let u = f + -244. Calculate the remainder when 83 is divided by u.
3
Suppose 0 = -296*l + 84972 - 73897 + 115317. Calculate the remainder when l is divided by 15.
7
Suppose 15 = -4*t + 4*j - 65, -5*t - 76 = j. Suppose 0 = -4*x + 5*m + 88, -3*x + 72*m = 73*m - 85. What is the remainder when x is divided by (-4)/t - 78/(-8)?
7
Let o(t) = 4*t**2 - 28*t - 7. Let z be o(12). Let i = z - 33. Suppose b + b - i = -2*m, 2*m - 198 = -3*b. What is the remainder when m is divided by 35?
32
Let l(o) = -o**2 + 12*o + 17. Let n = -53 - -64. What is the remainder when l(10) is divided by n?
4
Let m(j) = 37*j + 121. Let a be m(32). Suppose -39*i + a = -10*i. Calculate the remainder when 152 is divided by i.
17
Let s(r) = 2*r**3 + 16*r**2 + 12*r + 28. Let j = -541 + 535. Calculate the remainder when 288 is divided by s(j).
88
Let k(a) = a**2 - 28*a + 87. Let n be k(26). Suppose n - 13 = 2*z. What is the remainder when z is divided by 4?
3
Suppose 2*t - t + 6*o = 7*o + 75, -6*o = 0. What is the remainder when 391 is divided by t?
16
Suppose 3*d = -2*w + 1355, -38*d - 5 = -33*d. Calculate the remainder when w is divided by 40.
39
Let s(q) be the third derivative of -131*q**4/24 - 4*q**3/3 - 2*q**2 + 36*q. Calculate the remainder when s(-1) is divided by 35.
18
Suppose 0 = l + 3*l - m - 108, -48 = -2*l + 2*m. Let j be (l/10)/((-1)/(-30)). Suppose -4*b = 3*b - j. What is the remainder when 58 is divided by b?
10
Suppose -j = -2*q - 20, 2*q = 2*j - 1 - 35. Suppose 1804*l - 1089 = 1641*l + 1519. Calculate the remainder when j is divided by l.
0
Let j be (-2*526/4)/(0 + 1). Let k = 309 + j. What is the remainder when 137 is divided by k?
45
Suppose 2*o - 5*t = 19 + 19, -o - 11 = 5*t. Suppose -27*k = -o*k - 162. Calculate the remainder when 32 is divided by k.
5
Suppose 0 = -2*k + 3478 + 410. Suppose r + 11*r = k. Calculate the remainder when r is divided by 55.
52
Let v(o) = -o**3 - 24*o**2 - 35*o - 207. Suppose 0*w - 3*w = -3*z + 63, -3*z - 121 = 5*w. Calculate the remainder when v(w) is divided by 9.
6
Suppose 20*a - 1260 = 13*a. Let f(q) = -2*q**2 - 87*q - 94. Calculate the remainder when a is divided by f(-42).
20
Let a(r) = -9*r - 45. Suppose -36 = 4*o + 3*h - 4*h, -h + 12 = -o. Calculate the remainder when a(o) is divided by (-272)/(-20) - (-4)/10.
13
What is the remainder when (9785 - (-7 + 2)) + -5 + 6 is divided by 36?
35
Calculate the remainder when 103 is divided by 3/(45/(-2)) - 5/(1200/(-6272)).
25
Let k(b) = -b**2 + 3*b - 2. Let l be k(2). Let f(a) = a**3 + 15*a**2 - 19*a - 38. What is the remainder when (l + -1)/(4/(-68)) is divided by f(-16)?
7
Suppose -8*d + 176 + 40 = 0. Let y = 30 - d. Suppose -12 = 3*p - 5*p + 3*k, 2 = 4*p + 5*k. What is the remainder when y is divided by p?
0
Suppose d = 2*x - 4467, -93*x - 5*d = -94*x + 2211. What is the remainder when x is divided by 5?
1
Suppose 0 = a - w + 389, -563 = 4*a - 2*w + 999. Let i = -333 - a. Calculate the remainder when i is divided by 16.
11
Let t(w) = -19*w - 890. What is the remainder when 351 is divided by t(-51)?
35
Suppose -3*k - 19 = -2*f, -k = -f + 4 + 4. Let s = 38 + -8. Let u = s - 26. Calculate the remainder when f is divided by u.
1
Suppose -5*k + 74*v = 67*v + 43, -2*k - 19 = -3*v. What is the remainder when 3106 is divided by k?
2
Suppose q + 10*y - 5*y + 9 = 0, -q + 2*y = -19. Suppose 2*r - 4*h = 24, 3*h = -4*r - 0 + 15. What is the remainder when q is divided by r?
5
Suppose -2*b - 96*m + 99*m + 130 = 0, 2*b + 4*m = 144. What is the remainder when 265 is divided by b?
61
Let h = 218 - 218. Suppose 2*l - 18 = 2*c, -3*c - 11 = -l - h*l. What is the remainder when 31 is divided by l?
7
Let k(x) = 38*x**2 + 489*x - 11. Calculate the remainder when 1392 is divided by k(-13).
42
Suppose 3*h - 2*a = 57, -4*a - 34 - 4 = -2*h. Suppose -31 = -3*t - 5*g, g - h = -2*t + 4. Let w = -16 + 75. What is the remainder when w is divided by t?
11
Suppose -5*q = -5*g + 45, 2*q + 0*q + 33 = 5*g. Let l be 2/g*(-30)/12*-2. Calculate the remainder when 21 is divided by 6/30 + l + (-42)/(-15).
1
Suppose 4*u + 3*a = 248, -3*a = 4*u - u - 189. Suppose 9*b = b + 24. Suppose -4*o = -b*m - 6*o + 26, -m = 2*o - 2. What is the remainder when u is divided by m?
11
Calculate the remainder when (-272)/(-3400) + (-42969)/(-75) is divided by 32.
29
Let i(w) = -21*w + 998. Calculate the remainder when 158 is divided by i(47).
4
Suppose 0*d = 3*d + 3*f - 318, 4*d - 425 = -3*f. What is the remainder when d is divided by 79?
28
Let s = 26258 - 26182. What is the remainder when 113 is divided by s?
37
Suppose 5*t - 13619 + 4094 = -5*d, 1913 = t + 3*d. Calculate the remainder when t is divided by 11.
9
What is the remainder when (0 + (-12)/15)*189005/(-206) is divided by 684?
50
Let v(w) = 7*w + 64 - 131 + 69 + 40*w**2. Calculate the remainder when v(-1) is divided by 15.
5
Let l = -4160 + 4231. Suppose 4*h = 2*h + 60. Calculate the remainder when l is divided by h.
11
Suppose -12*a + 22*a = -100. Let f be 26/130 + 2/a. Suppose -t + 79 = -3*c + 8, f = -c - 1. Calculate the remainder when t is divided by 23.
22
Let m(k) be the first derivative of -3*k**2/2 - 32*k - 57. What is the remainder when 87 is divided by m(-13)?
3
What is the remainder when (-1 - -3 - 5)/(26/(-442)) is divided by 30?
21
Suppose 5 = 28*r - 27*r. Suppose r*b + 71 = 86. Calculate the remainder when -9 + 65 + b/(3/2) is divided by 10.
8
Let o(k) = 13*k**2 + 1. Calculate the remainder when 0 + 80 + 21*(-5)/(-105) is divided by o(1).
11
Let b = 2 + 19. Suppose -2*t = 5*i - 172, 5*t + 8*i = 7*i + 384. Suppose -23*g = -b*g - t. Calculate the remainder when 113 is divided by g.
37
Suppose 35*l + 10 - 467 = 733. What is the remainder when 696 is divided by l?
16
Suppose 199 + 30 = 7*v - 226. What is the remainder when 1295 is divided by v?
60
What is the remainder when 511 is divided by 24 - (-1 + 16 - 7)?
15
Suppose -3*h - 3*h - 11*h = 595. Let l be 2/3 + 302/6. Let f = l + h. What is the remainder when f is divided by 5?
1
Suppose w + 175 = 3*n, w + 5*n + 215 = -0*w. Let r = w - -385. What is the remainder when (86 + -1)*(-13)/(r/(-18)) is divided by 7?
4
Let p(d) = d**2 + 56*d + 724. What is the remainder when 181 is divided by p(-20)?
1
Let j(l) = 6*l - 36. Suppose 106 = 6*p - 80. Suppose 3*i - 26 = p. Calculate the remainder when j(12) is divided by i.
17
Suppose -5*q = -2*v - 962, -2*q + 46*v = 51*v - 350. What is the remainder when 738 is divided by q?
168
Let g = 59 - 37. Suppose 8*p = -g - 2. What is the remainder when 65 is divided by (-2)/6 - 55/p?
11
Suppose 0*c = 2*c - 256. Let l = 1599 - 1565. What is the remainder when c is divided by l?
26
Let b(d) = -11*d**2 - 35*d - 2. Let n be b(-3). Suppose -2*z - 3*z + 971 = n*l, 3*z + 1260 = 5*l. What is the remainder when l is divided by 89?
71
Suppose 9*u - 167 = -22*u + 298. What is the remainder when (1 - 2/2) + 28 is divided by u?
13
Let w = -2026 - -3688. Calculate the remainder when w is divided by 64.
62
Let f(j) = 27*j**3 + j**2 - 2*j + 1. Suppose 5 = -3*d + 3*w + 2, 0 = 4*d + 4*w - 12. Calculate the remainder when 76 is divided by f(d).
22
Suppose 3*r = -2*q + 26, 5*q - 4*q = 4*r - 42. Suppose -4*c - 135 = -727. Calculate the remainder when c is divided by r.
8
Let d(c) = -10*c + 72. Suppose 2*x - 8 = -5*u, -u = 3*x + u - 12. Suppose x*v - 14 = 14. Calculate the remainder when v is divided by d(7).
1
Let r = 4128 + -4015. What is the remainder when r is divided by 1*1/(1/31)?
20
Suppose 0 = -14*v - 4*u + 4564 + 5870, 4*v - 3012 = 4*u. Calculate the remainder when v is divided by 15.
12
Let o(d) = d**3 - 9*d**2 - 10*d + 7. Let h be o(10). Calculate the remainder when h/21 - (-134)/3 is divided by (-35)/(-3) + (-10)/(-30).
9
Suppose 4*a = 8*a - 60. Suppose -1 + 9 = -4*y, 471 = q + y. Let g = -324 + q. Calculate the remainder when g is divided by a.
14
Suppose 74 = 2*n + 4*g, -52*n + 2*g + 137 = -47*n. What is the remainder when 370 is divided by n?
22
Suppose -24 + 169 = 5*r - q, 5*r + 4*q - 170 = 0. Calculate the remainder when (-12 - r)*9/(-6) is divided by 14.
7
Suppose 27*b - 28*b + 1 = 2*i, b - 50 = 5*i. Calculate the remainder whe